and 21?
7
Calculate the highest common factor of 112 and 203896.
56
Calculate the greatest common factor of 13 and 253318.
13
Calculate the highest common factor of 1050 and 322.
14
Calculate the greatest common factor of 81316 and 116.
116
What is the highest common divisor of 102 and 10149?
51
Calculate the highest common divisor of 585 and 22095.
45
What is the highest common divisor of 19962 and 54?
18
What is the greatest common factor of 20 and 28972?
4
Calculate the highest common factor of 1156 and 74273.
289
What is the greatest common divisor of 1685557 and 86?
43
Calculate the highest common factor of 70 and 1260462.
14
What is the highest common divisor of 52481 and 20592?
143
Calculate the highest common divisor of 9694 and 7474.
74
Calculate the highest common divisor of 144 and 3616.
16
Calculate the highest common divisor of 124 and 4304474.
62
Calculate the highest common factor of 614954 and 38.
38
Calculate the highest common divisor of 650 and 2950.
50
Calculate the highest common factor of 2245 and 415.
5
What is the highest common divisor of 72010 and 4940?
190
Calculate the highest common factor of 3835 and 1063062.
767
Calculate the highest common divisor of 399 and 63959.
7
Calculate the highest common divisor of 3788 and 1201743.
947
Calculate the greatest common divisor of 4968 and 1647.
27
Calculate the greatest common divisor of 39435 and 1155.
165
What is the greatest common divisor of 3 and 2181?
3
What is the highest common divisor of 27496 and 52?
4
What is the greatest common divisor of 3116655 and 30?
15
What is the highest common factor of 56 and 33922?
14
What is the greatest common divisor of 174 and 77691?
87
Calculate the greatest common divisor of 33 and 12111.
33
Calculate the highest common divisor of 42844 and 172.
4
What is the highest common factor of 11424 and 4494?
42
What is the highest common divisor of 9796 and 92?
4
What is the greatest common divisor of 542 and 202?
2
Calculate the greatest common factor of 11 and 225577.
11
What is the highest common divisor of 25434 and 486?
162
Calculate the greatest common factor of 13207 and 32430.
47
Calculate the highest common factor of 695188 and 22620.
1508
Calculate the highest common divisor of 108033 and 69.
3
What is the highest common factor of 3764 and 18?
2
What is the greatest common factor of 474 and 173721?
237
What is the greatest common divisor of 25110 and 530?
10
Calculate the greatest common factor of 5807062 and 1478.
1478
What is the highest common factor of 319363 and 22?
11
Calculate the greatest common divisor of 12 and 29478.
6
What is the highest common factor of 1011406 and 1364?
682
What is the greatest common divisor of 53447 and 58957?
551
Calculate the greatest common divisor of 81350 and 1000.
50
Calculate the greatest common factor of 155 and 39680.
155
Calculate the highest common factor of 568 and 5464.
8
What is the highest common factor of 761 and 465?
1
What is the greatest common divisor of 338059 and 83?
83
Calculate the greatest common divisor of 1602 and 14094.
18
What is the greatest common factor of 208 and 40048?
16
Calculate the highest common divisor of 1467 and 234557.
163
Calculate the highest common factor of 1224 and 5040.
72
What is the greatest common divisor of 119 and 647479?
119
What is the highest common divisor of 44173 and 815?
163
Calculate the highest common factor of 252 and 27684.
36
Calculate the highest common divisor of 748 and 10778.
34
Calculate the highest common factor of 26508 and 423.
141
Calculate the greatest common factor of 752 and 71205.
47
Calculate the highest common factor of 35203 and 749.
749
Calculate the highest common divisor of 4315 and 2734847.
863
Calculate the greatest common factor of 4264 and 329927.
533
What is the greatest common factor of 9269 and 689?
13
Calculate the greatest common divisor of 551 and 5111.
19
Calculate the greatest common divisor of 9 and 657.
9
What is the highest common factor of 93 and 2976?
93
What is the highest common factor of 9 and 243963?
9
Calculate the highest common divisor of 2312 and 21776728.
2312
What is the greatest common divisor of 192448 and 186?
62
Calculate the highest common divisor of 580196 and 124.
124
Calculate the highest common divisor of 9702 and 7986.
66
Calculate the highest common divisor of 126 and 125118.
126
What is the highest common divisor of 178227 and 567?
189
Calculate the highest common factor of 83514 and 18.
6
Calculate the highest common divisor of 321 and 1906740.
321
What is the greatest common factor of 1704 and 27528?
24
Calculate the highest common factor of 69948 and 5046.
174
What is the greatest common divisor of 10332 and 178801?
287
What is the highest common factor of 10224 and 67521?
213
What is the highest common factor of 594999 and 135?
27
What is the greatest common factor of 228 and 45524?
76
Calculate the highest common divisor of 258 and 1374.
6
What is the highest common factor of 2738358 and 211?
211
Calculate the highest common divisor of 2921 and 110744.
127
What is the highest common divisor of 1792406 and 412?
206
What is the greatest common divisor of 3624 and 1726836?
1812
What is the greatest common divisor of 2007 and 180?
9
What is the highest common factor of 9 and 1785645?
9
Calculate the highest common factor of 15819 and 6.
3
What is the highest common factor of 8964 and 15604?
332
Calculate the highest common factor of 349 and 138553.
349
Calculate the highest common divisor of 31 and 10109.
1
Calculate the greatest common factor of 9 and 70107.
3
Calculate the greatest common factor of 532 and 37468.
76
What is the greatest common factor of 32238 and 4975?
199
Calculate the highest common factor of 251433 and 1092.
273
What is the highest common factor of 96629 and 3?
1
Calculate the highest common divisor of 229300 and 250.
50
Calculate the highest common divisor of 889 and 301.
7
What is the greatest common divisor of 6231 and 9447?
201
Calculate the highest common factor of 2958696 and 26.
26
Calculate the highest common factor of 277 and 1924319.
277
What is the greatest common divisor of 96095 and 5?
5
Calculate the highest common divisor of 1012 and 41860.
92
Calculate the greatest common divisor of 1210167 and 4104.
513
What is the greatest common factor of 4859 and 3311?
43
What is the highest common divisor of 124 and 54932?
124
What is the highest common factor of 65 and 10355?
5
Calculate the highest common factor of 33552 and 17242.
466
What is the greatest common factor of 9542 and 3718?
26
Calculate the greatest common factor of 781 and 3619.
11
What is the highest common factor of 171 and 12084?
57
What is the greatest common factor of 123 and 3960600?
123
What is the greatest common factor of 591 and 90817?
197
Calculate the highest common divisor of 306 and 1233.
9
Calculate the highest common divisor of 116 and 2764.
4
Calculate the highest common factor of 8 and 7928.
8
Calculate the greatest common factor of 1134 and 679.
7
Calculate the highest common divisor of 23582 and 52.
26
Calculate the greatest common factor of 460 and 880900.
460
Calculate the greatest common factor of 8644 and 2.
2
Calculate the greatest common factor of 592 and 6017976.
296
What is the greatest common factor of 22 and 160346?
2
What is the greatest common factor of 23667 and 759?
69
Calculate the greatest common factor of 4 and 50788.
4
What is the highest common divisor of 29220 and 900?
60
Calculate the greatest common divisor of 60 and 831540.
60
What is the greatest common factor of 11280 and 39198?
282
What is the greatest common divisor of 66 and 94494?
6
Calculate the highest common divisor of 1188 and 477612.
36
Calculate the greatest common factor of 36 and 43944.
12
What is the greatest common factor of 290 and 3683?
29
Calculate the highest common divisor of 8 and 7360568.
8
Calculate the greatest common factor of 336 and 95256.
168
Calculate the greatest common factor of 310 and 282782.
62
What is the highest common factor of 722 and 9747?
361
What is the highest common factor of 161572 and 558?
62
Calculate the highest common divisor of 2684912 and 816.
272
What is the highest common divisor of 10640 and 4165?
35
Calculate the highest common fac